What is the greatest common divisor of 5858 and 6448345?
101
What is the highest common divisor of 1283231242 and 6430?
1286
What is the greatest common divisor of 198265 and 2033?
19
What is the greatest common divisor of 1732250 and 403?
13
Calculate the highest common divisor of 1714718 and 6590.
1318
Calculate the highest common divisor of 769396046 and 92.
46
Calculate the highest common divisor of 14576 and 18967931.
911
Calculate the highest common divisor of 1980 and 99064845.
495
What is the highest common factor of 358546 and 210862?
62
What is the highest common divisor of 458763 and 29082?
111
What is the highest common factor of 25365 and 4741545?
285
Calculate the greatest common divisor of 158678 and 52.
26
What is the greatest common divisor of 32471 and 171?
19
What is the highest common divisor of 10652683 and 3421?
311
Calculate the highest common factor of 303 and 13984763.
101
Calculate the highest common divisor of 407923206 and 6.
6
What is the highest common factor of 44997669 and 1206?
603
What is the highest common factor of 27847540 and 560?
140
Calculate the greatest common factor of 15825942 and 20086.
1826
Calculate the greatest common factor of 127 and 139533503.
127
What is the highest common divisor of 6540030 and 2571522?
8898
Calculate the highest common factor of 189 and 53494479.
27
What is the highest common factor of 406 and 4925795?
203
What is the greatest common divisor of 1132488 and 19260?
3852
Calculate the highest common factor of 45408 and 706662.
2838
What is the greatest common divisor of 2546 and 1640428?
134
Calculate the highest common divisor of 3 and 2558130.
3
Calculate the greatest common divisor of 2033946 and 54.
18
What is the highest common factor of 6426 and 23700873?
357
What is the greatest common factor of 16899 and 112187?
43
Calculate the highest common factor of 680 and 1543379.
17
What is the greatest common factor of 43534271 and 3245?
649
What is the greatest common factor of 2323168 and 38912?
608
Calculate the greatest common factor of 7786164 and 46206.
906
Calculate the highest common divisor of 1611 and 57654.
9
Calculate the greatest common divisor of 436746 and 5014686.
5262
What is the greatest common factor of 34270 and 25490920?
1490
What is the greatest common divisor of 170781224 and 8?
8
Calculate the highest common factor of 337065 and 25691.
23
What is the greatest common divisor of 8 and 264845384?
8
Calculate the greatest common divisor of 3423 and 11680743.
489
Calculate the greatest common divisor of 45392563 and 103888.
6493
What is the highest common factor of 5278 and 664755?
91
What is the greatest common factor of 680 and 1460300?
340
What is the highest common factor of 5645 and 132655?
5
What is the greatest common divisor of 2088564 and 48?
12
Calculate the greatest common factor of 5832 and 3681.
9
What is the highest common factor of 389189112 and 2808?
312
Calculate the greatest common factor of 1441 and 70965189.
131
Calculate the highest common divisor of 9912978 and 1602.
18
What is the greatest common factor of 13 and 615382378?
13
What is the highest common divisor of 694229 and 1230583?
421
Calculate the greatest common factor of 5568378 and 12.
6
Calculate the greatest common factor of 219840304 and 8.
8
Calculate the highest common divisor of 1810567 and 551.
19
Calculate the highest common factor of 51 and 553419717.
51
Calculate the greatest common divisor of 36833826 and 108.
6
Calculate the greatest common divisor of 2911 and 24498320.
41
What is the greatest common divisor of 41304249 and 751?
751
Calculate the greatest common factor of 35890 and 4200585.
485
What is the highest common factor of 384209 and 49?
49
What is the highest common divisor of 10478312 and 1696?
424
What is the highest common divisor of 41237 and 349118333?
5891
What is the highest common divisor of 17492 and 172458001?
4373
Calculate the greatest common factor of 21 and 70954086.
21
Calculate the highest common divisor of 317977 and 48741.
2321
Calculate the greatest common factor of 1322904 and 4026.
66
Calculate the greatest common factor of 1216777992 and 83640.
16728
What is the highest common divisor of 207 and 16817899?
23
What is the highest common factor of 15775110 and 217674?
2502
Calculate the greatest common factor of 430 and 135095938.
86
What is the highest common divisor of 10 and 945368?
2
What is the greatest common factor of 1506 and 1053174414?
1506
Calculate the highest common factor of 1626203 and 46671.
331
What is the greatest common divisor of 359187 and 12509?
1787
Calculate the greatest common factor of 380852296 and 352.
88
Calculate the greatest common factor of 195 and 9376887.
39
What is the highest common factor of 3172 and 39542518?
122
Calculate the highest common factor of 847 and 67529.
77
Calculate the greatest common factor of 7297617 and 6681.
393
Calculate the greatest common factor of 293090568 and 24.
24
Calculate the highest common divisor of 12 and 27790764.
12
Calculate the highest common divisor of 23552 and 5464.
8
What is the greatest common factor of 3388487 and 254?
127
What is the highest common divisor of 12574020 and 960?
60
Calculate the highest common factor of 2048 and 100328.
8
Calculate the highest common factor of 792681 and 11397.
393
What is the greatest common divisor of 68 and 2129879?
17
What is the highest common divisor of 8327552 and 4450?
178
Calculate the greatest common factor of 2869 and 299131.
151
What is the highest common divisor of 2154 and 307725466?
718
What is the highest common factor of 347 and 2661324481?
347
Calculate the highest common divisor of 218970774 and 11.
11
What is the greatest common factor of 222 and 474662?
2
What is the highest common factor of 419224 and 169650?
754
Calculate the highest common divisor of 64 and 1326670560.
32
What is the greatest common divisor of 254742 and 1458?
6
Calculate the highest common factor of 73158714 and 273606.
8826
Calculate the highest common divisor of 4587 and 9892630.
1529
Calculate the greatest common factor of 6650581 and 56.
7
What is the highest common divisor of 78390 and 685946?
134
What is the highest common factor of 1509 and 12422591?
503
What is the greatest common factor of 3612 and 17343018?
1806
Calculate the highest common factor of 13805928 and 72.
72
What is the greatest common divisor of 74 and 4268282?
2
Calculate the highest common divisor of 3246 and 94658229.
1623
What is the greatest common factor of 21076 and 151052?
44
Calculate the greatest common factor of 3121196 and 754.
26
What is the greatest common divisor of 140000 and 1309000?
7000
Calculate the greatest common divisor of 1374486258 and 2718.
906
Calculate the greatest common divisor of 3573 and 50915647.
397
Calculate the highest common factor of 150 and 3941730.
30
What is the greatest common factor of 766287 and 2321622?
7587
What is the highest common factor of 20020 and 18052892?
572
Calculate the greatest common factor of 4557183 and 86.
43
Calculate the highest common divisor of 958392 and 1819.
17
Calculate the greatest common factor of 43306899 and 19947.
327
Calculate the highest common divisor of 42050464 and 4176.
464
Calculate the highest common divisor of 2466 and 121734.
18
Calculate the highest common divisor of 5213 and 30792389.
401
Calculate the greatest common divisor of 180 and 1692460.
20
What is the highest common factor of 2280 and 140700?
60
What is the greatest common divisor of 127786 and 21886?
706
What is the highest common factor of 12 and 7695546?
6
What is the highest common factor of 12978 and 17430?
42
What is the highest common divisor of 52 and 146104348?
52
What is the highest common divisor of 15570912 and 119?
119
What is the highest common factor of 1932847 and 419783?
4613
Calculate the greatest common divisor of 4287027989 and 17.
17
Calculate the greatest common divisor of 950 and 1230706.
38
What is the greatest common divisor of 607652 and 9636?
292
What is the highest common factor of 14392124 and 5480?
548
What is the highest common factor of 205 and 332875720?
205
Calculate the highest common factor of 11420544 and 198.
6
Calculate the highest common divisor of 8680378 and 114.
38
What is th